et b = 2290 - q. What are the prime factors of b?
1487
Suppose -232*s = -234*s - 2. Let z be -1 + 15/3 + -3. What are the prime factors of (s - (z + -2)) + 123?
3, 41
Let s(t) = 110*t - 8. Let n be s(3). Suppose -n = -387*p + 380*p. List the prime factors of p.
2, 23
Suppose 84*k + 61376 = 47*k + 44*k. List the prime factors of k.
2, 137
Let q(k) be the first derivative of -6 + 11/2*k**2 + 2*k. List the prime factors of q(5).
3, 19
Suppose -19*d + 27*d = 24. Suppose 2 = d*j - 2*k + k, -3*k - 6 = 4*j. Suppose j = -3*q + 321 + 75. What are the prime factors of q?
2, 3, 11
Let t = 35312 + -17849. What are the prime factors of t?
3, 5821
Suppose -18*r + 86835 = -131487. List the prime factors of r.
3, 13, 311
Suppose 5*b - 59*c - 28 = -63*c, c = -4*b + 29. Let x(j) = 12 - j + j**2 - 3 + 6*j. What are the prime factors of x(b)?
113
Suppose -11462 = -2*o - 2*m, 11*o + 11480 = 13*o + 5*m. List the prime factors of o.
5, 229
Let g(j) = 36*j**2 + 9*j + 20. Let v be g(-5). Suppose 0 = 3*l - 5*t - v, -3*l + 372 + 518 = -2*t. List the prime factors of l.
2, 3, 5
Suppose -26*r = -8*r + 18882. Let s = -525 - r. List the prime factors of s.
2, 131
List the prime factors of ((18792/(-96))/27)/((-4375)/(-2188) + -2).
29, 547
Suppose 7*j - 8*j + 220 = r, -4*j - 1055 = -5*r. Suppose 0 = -100*w + 99*w + r. What are the prime factors of w?
5, 43
Suppose 17*b = 3*w + 19*b - 111751, 111755 = 3*w + 4*b. What are the prime factors of w?
193
Let t(g) = -138*g - 12. Let l be t(4). Suppose 0 = -59*v + 68*v + 3357. Let u = v - l. List the prime factors of u.
191
Let u be (-321)/45 - 4/(-30). Let q(a) = 2*a**2 + 6*a - 19. Let y(g) = -g**2 - 3*g + 8. Let c(s) = -6*q(s) - 15*y(s). What are the prime factors of c(u)?
2, 3, 13
Suppose -5*b + 384446 = g, -16*g = -4*b - 0*g + 307456. List the prime factors of b.
2, 7, 1373
Let j = 320 - 185. Let h = j + 31. What are the prime factors of h?
2, 83
Suppose -22*d + 16 = -18*d. Suppose -d*h = h - 20. List the prime factors of h - (-1)/((-4)/(-16)).
2
Let u(m) = -m**3 + 10*m**2 - 8*m - 5. Let r be u(9). Suppose r*g - 2847 = -639. Suppose -g + 78 = -3*t. What are the prime factors of t?
2, 79
Let m(k) = k**3 + 26*k**2 + 36*k - 14. List the prime factors of m(-16).
2, 5, 197
List the prime factors of (209528/16)/((-27)/(-36)*(-8)/(-12)).
11, 2381
Let u be (721/(-4))/((-1)/4). Let s(f) = f**2 + 41*f - 699. Let d be s(14). Suppose -u - d = -9*t. What are the prime factors of t?
2, 11
Suppose 5*a = 0, 4*m + 60 = -m - 5*a. What are the prime factors of ((-121)/(-2))/(m + 175/14)?
11
Let t be 499*((-20)/(-5) + -6). Let y = t - -1753. What are the prime factors of y?
5, 151
Let j be 1 - (15/13 - 14/91). What are the prime factors of (-4 + 5 - j)*116?
2, 29
What are the prime factors of (-112288)/(-48) - (-28)/(-21)?
2, 7, 167
Suppose 5*d - 7 = 3. Suppose 3*p = -3*t + 21, -d*p - 5*t - 11 + 34 = 0. Let n(z) = -z**3 + 8*z**2 - 5*z. What are the prime factors of n(p)?
2, 11
Let l(b) = b**3 + 2*b**2 - b. Let t be l(-4). Let d = t - -31. Suppose 0 = 2*i - i - d. What are the prime factors of i?
3
Let g(d) = -93*d - 453. Let i be g(-12). Let s = i + -436. What are the prime factors of s?
227
Let q be -35*9/(-45) + -2. Suppose -11*d + 10*d - 2*g + 2079 = 0, -q*d = 2*g - 10379. List the prime factors of d.
5, 83
Let o(t) = 1623*t**3 + 11*t**2 + 2*t + 3. What are the prime factors of o(2)?
3, 5, 11, 79
Suppose 24 = 4*x - 0*x. Suppose 3*j = 5*j - x. Suppose -279 = -j*b + 132. List the prime factors of b.
137
Let j(l) = l**3 + 9*l**2 - 34*l + 4. Let b be j(-9). What are the prime factors of ((-18)/12)/((-5)/b)?
3, 31
Let i = 102226 + -44598. List the prime factors of i.
2, 14407
Suppose 2*h + 3*w - 297 = 7*h, -3*w = 2*h + 123. Let p = 84 + h. Suppose -264 = -4*l - p. List the prime factors of l.
2, 3, 5
Suppose 1717988 + 680502 = 88*n + 557618. List the prime factors of n.
3, 19, 367
Let k(i) = 3768*i - 15671. What are the prime factors of k(25)?
11, 59
Let f = 33 + -40. Let x(l) = -8*l - 6*l + 2*l + 3. List the prime factors of x(f).
3, 29
Suppose 0 = y - 5*o - 3081, -y + 94 = o - 3011. List the prime factors of y.
7, 443
Let g = -167 - -1038. Suppose 4*i + 5*b - 3941 = 0, 3*i = -b + g + 2093. List the prime factors of i.
23, 43
Suppose 5*g + 53366 = 2*m, -m + 53*g - 56*g + 26683 = 0. What are the prime factors of m?
26683
Let o(g) = 14*g**2 + 16*g + 5. Let h(z) = -z**3 + z**2 - z + 1. Let p(s) = h(s) - o(s). Let n be p(-12). Let d = n - -17. What are the prime factors of d?
73
Suppose 9*p = 328 - 184. Suppose 4*w - p = 0, -15*j + 20*j - 6675 = 5*w. List the prime factors of j.
13, 103
Suppose -2*m = -0*m - 12*m. Suppose m = -7*c + 8717 + 103. List the prime factors of c.
2, 3, 5, 7
Let a(h) = 65*h + 200. Let k be a(22). Let m = -165 + k. What are the prime factors of m?
5, 293
Let o = -39 - -44. Suppose 3*m - s - 1413 = -6*s, -4*s = o*m - 2368. Suppose 0 = -4*k + m - 44. List the prime factors of k.
2, 3
Let g = 247 - 273. What are the prime factors of 3590/4 + 13/g?
3, 13, 23
Suppose 0 = 10*v - 17614 + 12464. What are the prime factors of v?
5, 103
Let y(r) = 2*r**2 - 13*r - 9. Let m be y(7). Suppose -4*h - 4 - 4 = 0, 3*j = h + 5. List the prime factors of m/1 + j - -49.
2, 3
Suppose 3*t = -4*c + 14767, 13*t = -2*c + 15*t + 7380. List the prime factors of c.
3691
Let q be 93/18*1 - (-2)/(-12). Suppose 0*y = -4*i + q*y + 16, 3*i + 4*y - 12 = 0. Suppose -214 = -i*a - 42. What are the prime factors of a?
43
Let c(k) = -6552*k - 397. List the prime factors of c(-11).
5, 47, 61
Let x = -1873 + 15734. What are the prime factors of x?
83, 167
Let i(y) be the first derivative of -33*y**2 - 32*y - 56. What are the prime factors of i(-10)?
2, 157
Suppose -203*m - 185*m - 1058829 = -425*m. What are the prime factors of m?
3, 9539
Let z(q) = -q**3 + 29*q**2 - 52*q - 63. Let j be z(27). Let v(o) = o**3 + 13*o**2 - 30*o + 11. What are the prime factors of v(j)?
5, 11
Let f(a) = -a**3 + 21*a**2 - 19*a - 16. Let x be f(20). Suppose 3*r + 2 - 5 = 0, 5126 = 5*y - x*r. List the prime factors of y.
2, 3, 19
Suppose 5*j - 4*l = 7575, j - 1488 - 26 = l. Suppose 4*o - 6*v - j = -11*v, -2*o - 2*v + 758 = 0. What are the prime factors of o?
2, 47
Suppose 0 = 4*b + 4*u - 5219 - 777, 3*b - 4507 = -u. Suppose -2*o + b = -2*k, -k + 3464 - 446 = 4*o. List the prime factors of o.
2, 13, 29
Let i(z) = z - 25. Let w be i(4). Let r = w - -14. What are the prime factors of (0 - -83) + r + 10?
2, 43
Let x be 5/(1/157 + 0). Suppose -1240 - x = -27*t. What are the prime factors of t?
3, 5
Let r(w) = -w**3 + 16*w**2 - 15*w - 2. Let l be r(15). Let y be -3 + 1 + (-125 - l - 1). Let q = y + 240. List the prime factors of q.
2, 3, 19
Suppose 9*l - 56 = -38. Suppose 3*m - 1139 = -8*s + 4*s, 2 = l*m. What are the prime factors of s?
2, 71
Let c(s) = -2254*s + 1800. List the prime factors of c(-14).
2, 31, 269
Suppose -3*p - 24 = -6*p - 3*s, 2*p = s + 28. List the prime factors of 3/p + 7711/4.
2, 241
Let k(i) = 0 + 6*i + 3 - 11. Let c be k(1). List the prime factors of 230 + (1/c - (-63)/18).
233
Let a = -2321 + 4246. What are the prime factors of a?
5, 7, 11
Let s(c) = 195*c**2 - 16*c - 35. List the prime factors of s(-9).
2, 7, 71
Let f(z) be the third derivative of -8*z**4/3 - 31*z**3/6 + 4*z**2 - 25. List the prime factors of f(-23).
11, 131
Suppose 0 = -22*y - 11*y + 132. Suppose 0 = 3*p - 3*s - 1545, y*p - s = 2988 - 934. What are the prime factors of p?
3, 19
Suppose 76024 = -90*q + 92*q. What are the prime factors of q?
2, 13, 17, 43
Let f(z) = z**3 + 21*z**2 - 23*z - 17. Let o be f(-22). Suppose -k - 293 = -o*x - 50, -3*x = -4*k - 904. Let l = k - -329. List the prime factors of l.
2, 53
Let a(g) = g**3 + 33*g**2 + 22*g - 113. Let d be a(-31). Let i = d - 403. What are the prime factors of i?
2, 181
Let p(g) = g - 2. Let q(w) = -6. Let h(c) = -p(c) - q(c). Let s be h(-4). Suppose -854 = -s*z + 5*z. List the prime factors of z.
2, 61
Let f(i) = -i**3 - 7*i**2 - 11*i - 7. Suppose -21 = -u + 4*u. Let n be f(u). Let w = 176 - n. List the prime factors of w.
2, 53
List the prime factors of 6/(-8) - ((-387335)/52 - 9).
7457
Let d = 36049 + -25707. What are the prime factors of d?
2, 5171
Let t be (-16)/(5 - (-677)/(-135)). Let v = t + -528. Suppose 25*y = 17*y + v. What are the prime fa